{"id":5834,"date":"2026-08-23T22:00:21","date_gmt":"2026-08-23T19:00:21","guid":{"rendered":"https:\/\/indecs.fi\/?post_type=tribe_events&#038;p=5834"},"modified":"2026-08-23T22:00:33","modified_gmt":"2026-08-23T19:00:33","slug":"valor-padel-3","status":"publish","type":"tribe_events","link":"https:\/\/indecs.fi\/en\/tapahtuma\/valor-padel-3\/","title":{"rendered":"VALOR Padel"},"content":{"rendered":"<div  class=\"tribe-events-schedule tribe-clearfix\" >\n\t<h2 class=\"tribe-events-schedule__datetime\">\n\t\t<span class=\"tribe-events-schedule__date tribe-events-schedule__date--start\">\n\t\t\t4 September\t\t<\/span>\n\n\t\t\t\t\t<span class=\"tribe-events-schedule__separator tribe-events-schedule__separator--date\">\n\t\t\t\t @ \t\t\t<\/span>\n\t\t\t<span class=\"tribe-events-schedule__time tribe-events-schedule__time--start\">\n\t\t\t\t10:00\t\t\t<\/span>\n\t\t\n\t\t\t\t\t\t\t\t\t<span class=\"tribe-events-schedule__separator tribe-events-schedule__separator--time\">\n\t\t\t\t\t &#8211; \t\t\t\t<\/span>\n\t\t\t\n\t\t\t\t\t\t\t<span class=\"tribe-events-schedule__time tribe-events-schedule__time--end\">\n\t\t\t\t\t13:00\t\t\t\t<\/span>\n\t\t\t\n\t\t\t\t\t\t<\/h2>\n<\/div>\n\n\n\n<p class=\"wp-block-paragraph\">Tule haastamaan VALORin konsultit ykk\u00f6slajissaan eli padelissa perjantaina 4.9.! T\u00e4m\u00e4 on tilaisuutesi n\u00e4ytt\u00e4\u00e4, kuka on Hervannan padelmestari ja kuka kaipaa viel\u00e4 konsultointia ly\u00f6ntitekniikassaan\ud83e\udef5. Samalla p\u00e4\u00e4set tutustumaan VALORin tiimiin ja kuulemaan heid\u00e4n harkkapaikoista rennossa ilmapiiriss\u00e4\u2728. Tapahtuma on suunnattu 2+ vuosikursseille eik\u00e4 vaadi omia mailoja.<\/p>\n\n\n\n<p class=\"wp-block-paragraph\">***<\/p>\n\n\n\n<p class=\"wp-block-paragraph\">Come challenge VALOR&#8217;s consultants in their top sport, padel, on September 4th! This is your chance to prove who the true padel champion of Hervanta is and who might need some consulting on their swing\ud83e\udef5. You&#8217;ll also have the opportunity to meet the VALOR team and learn about VALOR&#8217;s internship opportunities\u2728. This event is aimed at students in their 2nd year and above. Doesn&#8217;t require own equipment.<\/p>\n\n\n\n<p class=\"wp-block-paragraph\"><strong>WHAT?<\/strong> VALOR Padel<\/p>\n\n\n\n<p class=\"wp-block-paragraph\"><strong>WHERE?<\/strong> Tampere tennis centre<\/p>\n\n\n\n<p class=\"wp-block-paragraph\"><strong>WHEN?<\/strong> 4.9 at 10-13<\/p>\n\n\n\n<p class=\"wp-block-paragraph\"><strong>HOW?<\/strong> <a href=\"https:\/\/www.lyyti.in\/VALOR_Padel_4533\">Sign up<\/a> on 25.8. at 12<\/p>\n\n\n\n<p class=\"wp-block-paragraph\"><strong>HOW MUCH?<\/strong> Free!<\/p>\n\n\n<div  class=\"tribe-block tribe-block__event-price\" >\n\t\t<\/div>\n\n\n\n\n<div  class=\"tribe-block tribe-block__venue tribe-clearfix\" >\n\t\n\t\t\n\t<\/div>\n\n\n\n\n\t<div  class=\"tribe-block tribe-block__events-link\" >\n\t\t<div class=\"tribe-events tribe-common\">\n\t\t\t<div class=\"tribe-events-c-subscribe-dropdown__container\">\n\t\t\t\t<div class=\"tribe-events-c-subscribe-dropdown\">\n\t\t\t\t\t<div class=\"tribe-common-c-btn-border tribe-events-c-subscribe-dropdown__button\">\n\t\t\t\t\t\t<svg  class=\"tribe-common-c-svgicon tribe-common-c-svgicon--cal-export tribe-events-c-subscribe-dropdown__export-icon\"  viewBox=\"0 0 23 17\" xmlns=\"http:\/\/www.w3.org\/2000\/svg\">\n  <path fill-rule=\"evenodd\" clip-rule=\"evenodd\" d=\"M.128.896V16.13c0 .211.145.383.323.383h15.354c.179 0 .323-.172.323-.383V.896c0-.212-.144-.383-.323-.383H.451C.273.513.128.684.128.896Zm16 6.742h-.901V4.679H1.009v10.729h14.218v-3.336h.901V7.638ZM1.01 1.614h14.218v2.058H1.009V1.614Z\" \/>\n  <path d=\"M20.5 9.846H8.312M18.524 6.953l2.89 2.909-2.855 2.855\" stroke-width=\"1.2\" stroke-linecap=\"round\" stroke-linejoin=\"round\"\/>\n<\/svg>\n\t\t\t\t\t\t<button\n\t\t\t\t\t\t\tclass=\"tribe-events-c-subscribe-dropdown__button-text\"\n\t\t\t\t\t\t\taria-expanded=\"false\"\n\t\t\t\t\t\t\taria-controls=\"tribe-events-subscribe-dropdown-content\"\n\t\t\t\t\t\t\taria-label=\"\"\n\t\t\t\t\t\t>\n\t\t\t\t\t\t\tAdd to calendar\t\t\t\t\t\t<\/button>\n\t\t\t\t\t\t<svg  class=\"tribe-common-c-svgicon tribe-common-c-svgicon--caret-down tribe-events-c-subscribe-dropdown__button-icon\"  viewBox=\"0 0 10 7\" xmlns=\"http:\/\/www.w3.org\/2000\/svg\" aria-hidden=\"true\"><path fill-rule=\"evenodd\" clip-rule=\"evenodd\" d=\"M1.008.609L5 4.6 8.992.61l.958.958L5 6.517.05 1.566l.958-.958z\" class=\"tribe-common-c-svgicon__svg-fill\"\/><\/svg>\n\t\t\t\t\t<\/div>\n\t\t\t\t\t<div id=\"tribe-events-subscribe-dropdown-content\" class=\"tribe-events-c-subscribe-dropdown__content\">\n\t\t\t\t\t\t<ul class=\"tribe-events-c-subscribe-dropdown__list\">\n\t\t\t\t\t\t\t\t\t\t\t\t\t\t\t<li class=\"tribe-events-c-subscribe-dropdown__list-item\">\n\t\t\t\t\t\t\t\t\t<a\n\t\t\t\t\t\t\t\t\t\thref=\"https:\/\/www.google.com\/calendar\/event?action=TEMPLATE&#038;dates=20260904T100000\/20260904T130000&#038;text=VALOR%20Padel&#038;details=%3Cp%3ETule+haastamaan+VALORin+konsultit+ykk%C3%B6slajissaan+eli+padelissa+perjantaina+4.9.%21+T%C3%A4m%C3%A4+on+tilaisuutesi+n%C3%A4ytt%C3%A4%C3%A4%2C+kuka+on+Hervannan+padelmestari+ja+kuka+kaipaa+viel%C3%A4+konsultointia+ly%C3%B6ntitekniikassaan%F0%9F%AB%B5.+Samalla+p%C3%A4%C3%A4set+tutustumaan+VALORin+tiimiin+ja+kuulemaan+heid%C3%A4n+harkkapaikoista+rennossa+ilmapiiriss%C3%A4%E2%9C%A8.+Tapahtuma+on+suunnattu+2%2B+vuosikursseille+eik%C3%A4+vaadi+omia+mailoja.%3C%2Fp%3E+%3Cp%3E%2A%2A%2A%3C%2Fp%3E+%3Cp%3ECome+challenge+VALOR%27s+consultants+in+their+top+sport%2C+padel%2C+on+September+4th%21+This+is+your+chance+to+prove+who+the+true+padel+champion+of+Hervanta+is+and+who+might+need+some+consulting+on+their+swing%F0%9F%AB%B5.+You%27ll+also+have+the+opportunity+to+meet+the+VALOR+team+and+learn+about+VALOR%27s+internship+opportunities%E2%9C%A8.+This+event+is+aimed+at+students+in+their+2nd+year+and+above.+Doesn%27t+require+own+equipment.%3C%2Fp%3E+%3Cp%3E%3Cstrong%3EWHAT%3F%3C%2Fstrong%3E+VALOR+Padel%3C%2Fp%3E+%3Cp%3E%3Cstrong%3EWHERE%3F%3C%2Fstrong%3E+Tampere+tennis+centre%3C%2Fp%3E+%3Cp%3E%3Cstrong%3EWHEN%3F%3C%2Fstrong%3E+4.9+at+10-13%3C%2Fp%3E+%3Cp%3E%3Cstrong%3E%3C%2Fstrong%3E%3C%2Fp%3E+%28View+Full+event+Description+Here%3A+https%3A%2F%2Findecs.fi%2Fen%2Ftapahtuma%2Fvalor-padel-3%2F%29&#038;trp=false&#038;ctz=Europe\/Helsinki&#038;sprop=website:https:\/\/indecs.fi\/en\"\n\t\t\t\t\t\t\t\t\t\tclass=\"tribe-events-c-subscribe-dropdown__list-item-link\"\n\t\t\t\t\t\t\t\t\t\ttarget=\"_blank\"\n\t\t\t\t\t\t\t\t\t\trel=\"noopener noreferrer nofollow noindex\"\n\t\t\t\t\t\t\t\t\t>\n\t\t\t\t\t\t\t\t\t\tGoogle Calendar\t\t\t\t\t\t\t\t\t<\/a>\n\t\t\t\t\t\t\t\t<\/li>\n\t\t\t\t\t\t\t\t\t\t\t\t\t\t\t<li class=\"tribe-events-c-subscribe-dropdown__list-item\">\n\t\t\t\t\t\t\t\t\t<a\n\t\t\t\t\t\t\t\t\t\thref=\"\"\n\t\t\t\t\t\t\t\t\t\tclass=\"tribe-events-c-subscribe-dropdown__list-item-link\"\n\t\t\t\t\t\t\t\t\t\ttarget=\"_blank\"\n\t\t\t\t\t\t\t\t\t\trel=\"noopener noreferrer nofollow noindex\"\n\t\t\t\t\t\t\t\t\t>\n\t\t\t\t\t\t\t\t\t\tiCalendar\t\t\t\t\t\t\t\t\t<\/a>\n\t\t\t\t\t\t\t\t<\/li>\n\t\t\t\t\t\t\t\t\t\t\t\t\t\t\t<li class=\"tribe-events-c-subscribe-dropdown__list-item\">\n\t\t\t\t\t\t\t\t\t<a\n\t\t\t\t\t\t\t\t\t\thref=\"\"\n\t\t\t\t\t\t\t\t\t\tclass=\"tribe-events-c-subscribe-dropdown__list-item-link\"\n\t\t\t\t\t\t\t\t\t\ttarget=\"_blank\"\n\t\t\t\t\t\t\t\t\t\trel=\"noopener noreferrer nofollow noindex\"\n\t\t\t\t\t\t\t\t\t>\n\t\t\t\t\t\t\t\t\t\tOutlook 365\t\t\t\t\t\t\t\t\t<\/a>\n\t\t\t\t\t\t\t\t<\/li>\n\t\t\t\t\t\t\t\t\t\t\t\t\t\t\t<li class=\"tribe-events-c-subscribe-dropdown__list-item\">\n\t\t\t\t\t\t\t\t\t<a\n\t\t\t\t\t\t\t\t\t\thref=\"\"\n\t\t\t\t\t\t\t\t\t\tclass=\"tribe-events-c-subscribe-dropdown__list-item-link\"\n\t\t\t\t\t\t\t\t\t\ttarget=\"_blank\"\n\t\t\t\t\t\t\t\t\t\trel=\"noopener noreferrer nofollow noindex\"\n\t\t\t\t\t\t\t\t\t>\n\t\t\t\t\t\t\t\t\t\tOutlook Live\t\t\t\t\t\t\t\t\t<\/a>\n\t\t\t\t\t\t\t\t<\/li>\n\t\t\t\t\t\t\t\t\t\t\t\t\t<\/ul>\n\t\t\t\t\t<\/div>\n\t\t\t\t<\/div>\n\t\t\t<\/div>\n\t\t<\/div>\n\t<\/div>\n\n","protected":false},"excerpt":{"rendered":"<p>Tule haastamaan VALORin konsultit ykk\u00f6slajissaan eli padelissa perjantaina 4.9.! T\u00e4m\u00e4 on tilaisuutesi n\u00e4ytt\u00e4\u00e4, kuka on Hervannan padelmestari ja kuka kaipaa viel\u00e4 konsultointia ly\u00f6ntitekniikassaan\ud83e\udef5. Samalla p\u00e4\u00e4set tutustumaan VALORin tiimiin ja kuulemaan [&hellip;]<\/p>\n","protected":false},"author":3,"featured_media":0,"comment_status":"closed","ping_status":"closed","template":"","meta":{"_uag_custom_page_level_css":"","advanced_seo_description":"","jetpack_seo_html_title":"","jetpack_seo_noindex":false,"_EventAllDay":false,"_EventTimezone":"Europe\/Helsinki","_EventStartDate":"2026-09-04 10:00:00","_EventEndDate":"2026-09-04 13:00:00","_EventStartDateUTC":"2026-09-04 07:00:00","_EventEndDateUTC":"2026-09-04 10:00:00","_EventShowMap":false,"_EventShowMapLink":false,"_EventURL":"","_EventCost":"","_EventCostDescription":"","_EventCurrencySymbol":"\u20ac","_EventCurrencyCode":"EUR","_EventCurrencyPosition":"prefix","_EventDateTimeSeparator":" @ ","_EventTimeRangeSeparator":" - ","_EventOrganizerID":[],"_EventVenueID":[],"_OrganizerEmail":"","_OrganizerPhone":"","_OrganizerWebsite":"","_VenueAddress":"","_VenueCity":"","_VenueCountry":"","_VenueProvince":"","_VenueState":"","_VenueZip":"","_VenuePhone":"","_VenueURL":"","_VenueStateProvince":"","_VenueLat":"","_VenueLng":"","_VenueShowMap":false,"_VenueShowMapLink":false,"_tribe_events_status":"","_tribe_events_status_reason":"","footnotes":""},"tags":[],"tribe_events_cat":[],"class_list":["post-5834","tribe_events","type-tribe_events","status-publish","hentry"],"uagb_featured_image_src":{"full":false,"thumbnail":false,"medium":false,"medium_large":false,"large":false,"1536x1536":false,"2048x2048":false,"trp-custom-language-flag":false},"uagb_author_info":{"display_name":"Indecs","author_link":"https:\/\/indecs.fi\/en\/author\/indecs\/"},"uagb_comment_info":0,"uagb_excerpt":"Tule haastamaan VALORin konsultit ykk\u00f6slajissaan eli padelissa perjantaina 4.9.! T\u00e4m\u00e4 on tilaisuutesi n\u00e4ytt\u00e4\u00e4, kuka on Hervannan padelmestari ja kuka kaipaa viel\u00e4 konsultointia ly\u00f6ntitekniikassaan\ud83e\udef5. Samalla p\u00e4\u00e4set tutustumaan VALORin tiimiin ja kuulemaan [&hellip;]","_links":{"self":[{"href":"https:\/\/indecs.fi\/en\/wp-json\/wp\/v2\/tribe_events\/5834","targetHints":{"allow":["GET"]}}],"collection":[{"href":"https:\/\/indecs.fi\/en\/wp-json\/wp\/v2\/tribe_events"}],"about":[{"href":"https:\/\/indecs.fi\/en\/wp-json\/wp\/v2\/types\/tribe_events"}],"author":[{"embeddable":true,"href":"https:\/\/indecs.fi\/en\/wp-json\/wp\/v2\/users\/3"}],"replies":[{"embeddable":true,"href":"https:\/\/indecs.fi\/en\/wp-json\/wp\/v2\/comments?post=5834"}],"version-history":[{"count":1,"href":"https:\/\/indecs.fi\/en\/wp-json\/wp\/v2\/tribe_events\/5834\/revisions"}],"predecessor-version":[{"id":5835,"href":"https:\/\/indecs.fi\/en\/wp-json\/wp\/v2\/tribe_events\/5834\/revisions\/5835"}],"wp:attachment":[{"href":"https:\/\/indecs.fi\/en\/wp-json\/wp\/v2\/media?parent=5834"}],"wp:term":[{"taxonomy":"post_tag","embeddable":true,"href":"https:\/\/indecs.fi\/en\/wp-json\/wp\/v2\/tags?post=5834"},{"taxonomy":"tribe_events_cat","embeddable":true,"href":"https:\/\/indecs.fi\/en\/wp-json\/wp\/v2\/tribe_events_cat?post=5834"}],"curies":[{"name":"wp","href":"https:\/\/api.w.org\/{rel}","templated":true}]}}

<div  class="tribe-events-schedule tribe-clearfix" >
	<h2 class="tribe-events-schedule__datetime">
		<span class="tribe-events-schedule__date tribe-events-schedule__date--start">
			4 September		</span>

					<span class="tribe-events-schedule__separator tribe-events-schedule__separator--date">
				 @ 			</span>
			<span class="tribe-events-schedule__time tribe-events-schedule__time--start">
				10:00			</span>
		
									<span class="tribe-events-schedule__separator tribe-events-schedule__separator--time">
					 &#8211; 				</span>
			
							<span class="tribe-events-schedule__time tribe-events-schedule__time--end">
					13:00				</span>
			
						</h2>
</div>



<p class="wp-block-paragraph">Tule haastamaan VALORin konsultit ykköslajissaan eli padelissa perjantaina 4.9.! Tämä on tilaisuutesi näyttää, kuka on Hervannan padelmestari ja kuka kaipaa vielä konsultointia lyöntitekniikassaan🫵. Samalla pääset tutustumaan VALORin tiimiin ja kuulemaan heidän harkkapaikoista rennossa ilmapiirissä✨. Tapahtuma on suunnattu 2+ vuosikursseille eikä vaadi omia mailoja.</p>



<p class="wp-block-paragraph">***</p>



<p class="wp-block-paragraph">Come challenge VALOR&#8217;s consultants in their top sport, padel, on September 4th! This is your chance to prove who the true padel champion of Hervanta is and who might need some consulting on their swing🫵. You&#8217;ll also have the opportunity to meet the VALOR team and learn about VALOR&#8217;s internship opportunities✨. This event is aimed at students in their 2nd year and above. Doesn&#8217;t require own equipment.</p>



<p class="wp-block-paragraph"><strong>WHAT?</strong> VALOR Padel</p>



<p class="wp-block-paragraph"><strong>WHERE?</strong> Tampere tennis centre</p>



<p class="wp-block-paragraph"><strong>WHEN?</strong> 4.9 at 10-13</p>



<p class="wp-block-paragraph"><strong>HOW?</strong> <a href="https://www.lyyti.in/VALOR_Padel_4533">Sign up</a> on 25.8. at 12</p>



<p class="wp-block-paragraph"><strong>HOW MUCH?</strong> Free!</p>


<div  class="tribe-block tribe-block__event-price" >
		</div>




<div  class="tribe-block tribe-block__venue tribe-clearfix" >
	
		
	</div>




	<div  class="tribe-block tribe-block__events-link" >
		<div class="tribe-events tribe-common">
			<div class="tribe-events-c-subscribe-dropdown__container">
				<div class="tribe-events-c-subscribe-dropdown">
					<div class="tribe-common-c-btn-border tribe-events-c-subscribe-dropdown__button">
						<svg  class="tribe-common-c-svgicon tribe-common-c-svgicon--cal-export tribe-events-c-subscribe-dropdown__export-icon"  viewBox="0 0 23 17" xmlns="http://www.w3.org/2000/svg">
  <path fill-rule="evenodd" clip-rule="evenodd" d="M.128.896V16.13c0 .211.145.383.323.383h15.354c.179 0 .323-.172.323-.383V.896c0-.212-.144-.383-.323-.383H.451C.273.513.128.684.128.896Zm16 6.742h-.901V4.679H1.009v10.729h14.218v-3.336h.901V7.638ZM1.01 1.614h14.218v2.058H1.009V1.614Z" />
  <path d="M20.5 9.846H8.312M18.524 6.953l2.89 2.909-2.855 2.855" stroke-width="1.2" stroke-linecap="round" stroke-linejoin="round"/>
</svg>
						<button
							class="tribe-events-c-subscribe-dropdown__button-text"
							aria-expanded="false"
							aria-controls="tribe-events-subscribe-dropdown-content"
							aria-label=""
						>
							Add to calendar						</button>
						<svg  class="tribe-common-c-svgicon tribe-common-c-svgicon--caret-down tribe-events-c-subscribe-dropdown__button-icon"  viewBox="0 0 10 7" xmlns="http://www.w3.org/2000/svg" aria-hidden="true"><path fill-rule="evenodd" clip-rule="evenodd" d="M1.008.609L5 4.6 8.992.61l.958.958L5 6.517.05 1.566l.958-.958z" class="tribe-common-c-svgicon__svg-fill"/></svg>
					</div>
					<div id="tribe-events-subscribe-dropdown-content" class="tribe-events-c-subscribe-dropdown__content">
						<ul class="tribe-events-c-subscribe-dropdown__list">
															<li class="tribe-events-c-subscribe-dropdown__list-item">
									<a
										href="https://www.google.com/calendar/event?action=TEMPLATE&#038;dates=20260904T100000/20260904T130000&#038;text=VALOR%20Padel&#038;details=%3Cp%3ETule+haastamaan+VALORin+konsultit+ykk%C3%B6slajissaan+eli+padelissa+perjantaina+4.9.%21+T%C3%A4m%C3%A4+on+tilaisuutesi+n%C3%A4ytt%C3%A4%C3%A4%2C+kuka+on+Hervannan+padelmestari+ja+kuka+kaipaa+viel%C3%A4+konsultointia+ly%C3%B6ntitekniikassaan%F0%9F%AB%B5.+Samalla+p%C3%A4%C3%A4set+tutustumaan+VALORin+tiimiin+ja+kuulemaan+heid%C3%A4n+harkkapaikoista+rennossa+ilmapiiriss%C3%A4%E2%9C%A8.+Tapahtuma+on+suunnattu+2%2B+vuosikursseille+eik%C3%A4+vaadi+omia+mailoja.%3C%2Fp%3E+%3Cp%3E%2A%2A%2A%3C%2Fp%3E+%3Cp%3ECome+challenge+VALOR%27s+consultants+in+their+top+sport%2C+padel%2C+on+September+4th%21+This+is+your+chance+to+prove+who+the+true+padel+champion+of+Hervanta+is+and+who+might+need+some+consulting+on+their+swing%F0%9F%AB%B5.+You%27ll+also+have+the+opportunity+to+meet+the+VALOR+team+and+learn+about+VALOR%27s+internship+opportunities%E2%9C%A8.+This+event+is+aimed+at+students+in+their+2nd+year+and+above.+Doesn%27t+require+own+equipment.%3C%2Fp%3E+%3Cp%3E%3Cstrong%3EWHAT%3F%3C%2Fstrong%3E+VALOR+Padel%3C%2Fp%3E+%3Cp%3E%3Cstrong%3EWHERE%3F%3C%2Fstrong%3E+Tampere+tennis+centre%3C%2Fp%3E+%3Cp%3E%3Cstrong%3EWHEN%3F%3C%2Fstrong%3E+4.9+at+10-13%3C%2Fp%3E+%3Cp%3E%3Cstrong%3E%3C%2Fstrong%3E%3C%2Fp%3E+%28View+Full+event+Description+Here%3A+https%3A%2F%2Findecs.fi%2Fen%2Ftapahtuma%2Fvalor-padel-3%2F%29&#038;trp=false&#038;ctz=Europe/Helsinki&#038;sprop=website:https://indecs.fi/en"
										class="tribe-events-c-subscribe-dropdown__list-item-link"
										target="_blank"
										rel="noopener noreferrer nofollow noindex"
									>
										Google Calendar									</a>
								</li>
															<li class="tribe-events-c-subscribe-dropdown__list-item">
									<a
										href=""
										class="tribe-events-c-subscribe-dropdown__list-item-link"
										target="_blank"
										rel="noopener noreferrer nofollow noindex"
									>
										iCalendar									</a>
								</li>
															<li class="tribe-events-c-subscribe-dropdown__list-item">
									<a
										href=""
										class="tribe-events-c-subscribe-dropdown__list-item-link"
										target="_blank"
										rel="noopener noreferrer nofollow noindex"
									>
										Outlook 365									</a>
								</li>
															<li class="tribe-events-c-subscribe-dropdown__list-item">
									<a
										href=""
										class="tribe-events-c-subscribe-dropdown__list-item-link"
										target="_blank"
										rel="noopener noreferrer nofollow noindex"
									>
										Outlook Live									</a>
								</li>
													</ul>
					</div>
				</div>
			</div>
		</div>
	</div>

<p>Tule haastamaan VALORin konsultit ykköslajissaan eli padelissa perjantaina 4.9.! Tämä on tilaisuutesi näyttää, kuka on Hervannan padelmestari ja kuka kaipaa vielä konsultointia lyöntitekniikassaan🫵. Samalla pääset tutustumaan VALORin tiimiin ja kuulemaan [&hellip;]</p>

Tule haastamaan VALORin konsultit ykköslajissaan eli padelissa perjantaina 4.9.! Tämä on tilaisuutesi näyttää, kuka on Hervannan padelmestari ja kuka kaipaa vielä konsultointia lyöntitekniikassaan🫵. Samalla pääset tutustumaan VALORin tiimiin ja kuulemaan [&hellip;]
